he prime factors of 554592296.
2, 1193, 58109
What are the prime factors of 14733071?
14733071
What are the prime factors of 1058344155?
3, 5, 11, 101, 21169
What are the prime factors of 790622493?
3, 23, 11458297
List the prime factors of 242149736.
2, 30268717
What are the prime factors of 331097642?
2, 4787, 34583
What are the prime factors of 285998982?
2, 3, 19, 2508763
List the prime factors of 269895377.
269895377
What are the prime factors of 949530388?
2, 79, 317, 9479
What are the prime factors of 25155549?
3, 53, 17579
What are the prime factors of 37089916?
2, 9272479
List the prime factors of 61039223.
7, 61, 142949
What are the prime factors of 2448453503?
37, 547, 120977
What are the prime factors of 3310945678?
2, 61, 677, 40087
List the prime factors of 260991186.
2, 3, 53, 191, 4297
List the prime factors of 221263276.
2, 13, 223, 19081
What are the prime factors of 33625311?
3, 823, 13619
List the prime factors of 207942817.
223, 337, 2767
List the prime factors of 4935575698.
2, 19, 73, 1779227
List the prime factors of 155686769.
7, 3177281
What are the prime factors of 1882146551?
17, 59, 1876517
List the prime factors of 82808486.
2, 101, 409943
List the prime factors of 404168146.
2, 202084073
What are the prime factors of 159016714?
2, 79508357
List the prime factors of 6639022842.
2, 3, 9923, 111509
List the prime factors of 617137868.
2, 83, 1858849
What are the prime factors of 1270644576?
2, 3, 13235881
What are the prime factors of 118222766?
2, 47, 1257689
List the prime factors of 446990456.
2, 11, 29, 15923
List the prime factors of 147676265.
5, 11, 19, 29, 443
What are the prime factors of 1961289471?
3, 79, 367, 22549
List the prime factors of 110989056.
2, 3, 17, 8501
What are the prime factors of 25965805?
5, 281, 18481
What are the prime factors of 2690403080?
2, 5, 29, 191, 12143
What are the prime factors of 5633313503?
5633313503
List the prime factors of 4224894598.
2, 787, 2684177
What are the prime factors of 13991440?
2, 5, 174893
What are the prime factors of 42880624?
2, 2680039
What are the prime factors of 263090427?
3, 87696809
What are the prime factors of 1024568936?
2, 128071117
List the prime factors of 1913344861.
23, 29, 124721
List the prime factors of 34498456.
2, 1097, 3931
List the prime factors of 31377762.
2, 3, 13, 134093
List the prime factors of 621106233.
3, 11, 43, 167, 2621
What are the prime factors of 62247159?
3, 13, 532027
List the prime factors of 260288294.
2, 7, 59, 109
What are the prime factors of 209096207?
71, 97, 313
What are the prime factors of 217810016?
2, 61, 241, 463
What are the prime factors of 855366723?
3, 41, 181, 1423
What are the prime factors of 61913986?
2, 30956993
List the prime factors of 7576792171.
13, 167, 1039, 3359
What are the prime factors of 22148156?
2, 317, 17467
List the prime factors of 1101508353.
3, 11, 17, 654491
What are the prime factors of 128063862?
2, 3, 23, 97, 1063
List the prime factors of 43351349.
43351349
List the prime factors of 89664050.
2, 5, 7, 241, 1063
List the prime factors of 131522437.
3701, 35537
List the prime factors of 69956628.
2, 3, 7, 211, 3947
List the prime factors of 1482218354.
2, 67, 2579, 4289
List the prime factors of 733104131.
193, 3798467
List the prime factors of 564801388.
2, 43, 83, 39563
List the prime factors of 243859801.
243859801
List the prime factors of 55407805.
5, 23, 481807
What are the prime factors of 67873790?
2, 5, 439, 15461
List the prime factors of 7212708900.
2, 3, 5, 29, 103, 2683
What are the prime factors of 498071019?
3, 2801, 59273
What are the prime factors of 389722339?
389722339
What are the prime factors of 14587753?
14587753
What are the prime factors of 49984424?
2, 7, 892579
List the prime factors of 2390069480.
2, 5, 59751737
What are the prime factors of 21230368?
2, 349, 1901
What are the prime factors of 513247780?
2, 5, 31, 167, 4957
What are the prime factors of 27179274?
2, 3, 587, 7717
What are the prime factors of 475894934?
2, 223, 1067029
List the prime factors of 67823625.
3, 5, 17, 10639
What are the prime factors of 151917909?
3, 11, 13, 354121
List the prime factors of 85542099.
3, 173, 164821
What are the prime factors of 15427584?
2, 3, 31
What are the prime factors of 1407087210?
2, 3, 5, 31, 199, 7603
What are the prime factors of 736994965?
5, 7, 17, 1238647
What are the prime factors of 26383164?
2, 3, 2198597
What are the prime factors of 596889003?
3, 79, 929, 2711
List the prime factors of 3630384009.
3, 7, 23, 373, 2239
What are the prime factors of 2427138389?
13, 186702953
List the prime factors of 6125821.
13, 471217
List the prime factors of 138733716.
2, 3, 11, 71, 113, 131
What are the prime factors of 26376451?
2297, 11483
List the prime factors of 1197945154.
2, 7, 17, 5033383
List the prime factors of 2862142818.
2, 3, 477023803
List the prime factors of 336855274.
2, 7, 653, 36847
What are the prime factors of 965491517?
19, 59, 887, 971
List the prime factors of 1280375395.
5, 13, 19698083
What are the prime factors of 2755701179?
7, 11, 1693, 21139
List the prime factors of 54419712.
2, 3, 59, 1201
List the prime factors of 320985810.
2, 3, 5, 19, 187711
List the prime factors of 343060248.
2, 3, 83, 172219
What are the prime factors of 3611124393?
3, 67, 263, 68311
What are the prime factors of 406957003?
491, 828833
What are the prime factors of 564165564?
2, 3, 5381, 8737
What are the prime factors of 375599694?
2, 3, 467, 134047
List the prime factors of 79655251.
13, 17, 41, 59, 149
What are the prime factors of 771144978?
2, 3, 317, 405439
List the prime factors of 1340023652.
2, 11, 163, 186841
What are the prime factors of 243224179?
11, 22111289
What are the prime factors of 51590722?
2, 3739, 6899
What are the prime factors of 14842468?
2, 3710617
List the prime factors of 749123587.
31, 41, 607, 971
List the prime factors of 35388230.
2, 5, 619, 5717
What are the prime factors of 2168014436?
2, 7, 6367, 12161
What are the prime factors of 374540532?
2, 3, 17, 107999
What are the prime factors of 530629882?
2, 265314941
What are the prime factors of 118593297?
3, 13177033
What are the prime factors of 2402949128?
2, 31, 431, 22481
What are the prime factors of 571377139?
19, 67, 448843
What are the prime factors of 226440564?
2, 3, 7, 89, 4327
What are the prime factors of 75384212?
2, 131, 293, 491
What are the prime factors of 404841890?
2, 5, 40484189
List the prime factors of 400651882.
2, 200325941
List the prime factors of 50641535.
5, 7, 1446901
List the prime factors of 465527008.
2, 14547719
What are the prime factors of 162355607?
162355607
List the prime factors of 57935420.
2, 5, 359, 8069
List the prime factors of 1568783519.
691, 2270309
What are the prime factors of 88126072?
2, 137, 80407
List the prime factors of 83405368.
2, 10425671
List the prime factors of 106109249.
31, 809, 4231
What are the prime factors of 35531655?
3, 5, 37, 73, 877
List the prime factors of 1687264062.
2, 3, 11, 41, 277, 2251
List the prime factors of 1806571467.
3, 12983, 15461
List the prime factors of 36102951.
3, 17, 235967
What are the prime factors of 38758014?
2, 3, 8861
List the prime factors of 879505798.
2, 439752899
List the prime factors of 241960373.
241960373
List the prime factors of 2119234050.
2, 3, 5, 1569803
List the prime factors of 35695221.
3, 433, 27479
What are the prime factors of 936709568?
2, 14636087
What are the prime factors of 5101846723?
157, 179, 379, 479
List the prime factors of 168159605.
5, 33631921
What are the prime factors of 1549993684?
2, 41, 9451181
What are the prime factors of 383570329?
71, 179, 30181
What are the prime factors of 336320175?
3, 5, 359, 12491
What are the prime factors of 1360719482?
2, 67, 577, 17599
What are the prime factors of 135038781?
3, 229, 65521
What are the prime factors of 512835549?
3, 17, 1291, 7789
List the prime factors of 16913234.
2, 13, 23, 28283
What are the prime factors of 3649940658?
2, 3, 7, 13, 181, 947
What are the prime factors of 1350534204?
2, 3, 2789, 13451
What are the prime factors of 39413260?
2, 5, 23, 47, 1823
What are the prime factors of 43608467?
7, 101, 61681
List the prime factors of 6923508.
2, 3, 271, 2129
What are